{"id":22,"date":"2024-05-19T21:31:37","date_gmt":"2024-05-20T03:31:37","guid":{"rendered":"http:\/\/cicom2022.uagro.mx\/2024\/?page_id=22"},"modified":"2024-06-12T11:18:15","modified_gmt":"2024-06-12T17:18:15","slug":"sede-del-congreso","status":"publish","type":"page","link":"https:\/\/cicom.uagro.mx\/2024\/?page_id=22","title":{"rendered":"Sede del Congreso"},"content":{"rendered":"\n<h3 style=\"margin: 20px 0px 0px 0px;\">Facultad de Ciencias y Tecnolog\u00edas de la Informaci\u00f3n (FacCyTI)<\/h3>\n<h4 style=\"margin: 10px 0px 0px 0px;\">Avenida de las Colinas, Fracc. Las Playas, C.P. 39390, Acapulco de Ju\u00e1rez, Guerrero, M\u00e9xico.<\/h4>\n\n\n\n<iframe src=\"https:\/\/www.google.com\/maps\/embed?pb=!1m18!1m12!1m3!1d954.7072601980354!2d-99.89897433047611!3d16.834835182627785!2m3!1f0!2f0!3f0!3m2!1i1024!2i768!4f13.1!3m3!1m2!1s0x85caf805e89d0edf%3A0x47e0711617be029!2sUnidad%20Acad%C3%A9mica%20de%20Ciencias%20y%20Tecnolog%C3%ADas%20de%20la%20Informaci%C3%B3n%20%7C%20UAGro!5e0!3m2!1ses-419!2smx!4v1718211744697!5m2!1ses-419!2smx\" width=\"100%\" height=\"600\" style=\"border:0; margin: 20px 0px 0px 0px;\" allowfullscreen=\"\" loading=\"lazy\" referrerpolicy=\"no-referrer-when-downgrade\"><\/iframe>\n","protected":false},"excerpt":{"rendered":"<p>Facultad de Ciencias y Tecnolog\u00edas de la Informaci\u00f3n (FacCyTI) Avenida de las Colinas, Fracc. Las Playas, C.P. 39390, Acapulco de Ju\u00e1rez, Guerrero, M\u00e9xico.<\/p>\n","protected":false},"author":1,"featured_media":0,"parent":0,"menu_order":0,"comment_status":"closed","ping_status":"closed","template":"","meta":{"footnotes":""},"_links":{"self":[{"href":"https:\/\/cicom.uagro.mx\/2024\/index.php?rest_route=\/wp\/v2\/pages\/22"}],"collection":[{"href":"https:\/\/cicom.uagro.mx\/2024\/index.php?rest_route=\/wp\/v2\/pages"}],"about":[{"href":"https:\/\/cicom.uagro.mx\/2024\/index.php?rest_route=\/wp\/v2\/types\/page"}],"author":[{"embeddable":true,"href":"https:\/\/cicom.uagro.mx\/2024\/index.php?rest_route=\/wp\/v2\/users\/1"}],"replies":[{"embeddable":true,"href":"https:\/\/cicom.uagro.mx\/2024\/index.php?rest_route=%2Fwp%2Fv2%2Fcomments&post=22"}],"version-history":[{"count":4,"href":"https:\/\/cicom.uagro.mx\/2024\/index.php?rest_route=\/wp\/v2\/pages\/22\/revisions"}],"predecessor-version":[{"id":394,"href":"https:\/\/cicom.uagro.mx\/2024\/index.php?rest_route=\/wp\/v2\/pages\/22\/revisions\/394"}],"wp:attachment":[{"href":"https:\/\/cicom.uagro.mx\/2024\/index.php?rest_route=%2Fwp%2Fv2%2Fmedia&parent=22"}],"curies":[{"name":"wp","href":"https:\/\/api.w.org\/{rel}","templated":true}]}}